{"id":1502,"date":"2020-05-12T16:23:03","date_gmt":"2020-05-12T19:23:03","guid":{"rendered":"https:\/\/isfd3-nqn.infd.edu.ar\/sitio\/?page_id=1502"},"modified":"2020-11-26T21:12:05","modified_gmt":"2020-11-27T00:12:05","slug":"surrealidades","status":"publish","type":"page","link":"https:\/\/isfd3-nqn.infd.edu.ar\/sitio\/surrealidades\/","title":{"rendered":"Surrealidades"},"content":{"rendered":"<p>&nbsp;<\/p>\n<p style=\"text-align: center;\"><img decoding=\"async\" loading=\"lazy\" class=\"aligncenter size-full wp-image-1666\" src=\"https:\/\/isfd3-nqn.infd.edu.ar\/sitio\/wp-content\/uploads\/2020\/10\/WhatsApp-Image-2020-10-01-at-14.01.39.jpeg\" alt=\"\" width=\"905\" height=\"1280\" srcset=\"https:\/\/isfd3-nqn.infd.edu.ar\/sitio\/wp-content\/uploads\/2020\/10\/WhatsApp-Image-2020-10-01-at-14.01.39.jpeg 905w, https:\/\/isfd3-nqn.infd.edu.ar\/sitio\/wp-content\/uploads\/2020\/10\/WhatsApp-Image-2020-10-01-at-14.01.39-707x1000.jpeg 707w, https:\/\/isfd3-nqn.infd.edu.ar\/sitio\/wp-content\/uploads\/2020\/10\/WhatsApp-Image-2020-10-01-at-14.01.39-768x1086.jpeg 768w\" sizes=\"(max-width: 905px) 100vw, 905px\" \/><\/p>\n<p>\u00abSurRealidades, n\u00famero especial\u00bb es una obra literaria, por c\u00f3mo est\u00e1 pensada y dise\u00f1ada, por c\u00f3mo nos sumerge en un mundo otro que dialoga con este que conocemos, el de la pandemia, las sobredosis tecnol\u00f3gicas virtuales, los efectos. Juega con la hibridez gen\u00e9rica, toma como referencia un soporte que nos es familiar pero lo lleva hacia otros lugares, in\u00e9ditos. Muestra un enorme trabajo de edici\u00f3n<\/p>\n<p>\u00abSurRealidades, n\u00famero especial\u00bb es, adem\u00e1s, un trabajo coral en el que diversas voces van tejiendo la trama, en funci\u00f3n de un hilo conductor que funciona como eje organizador de la propuesta est\u00e9tica.<\/p>\n<p>\u00abSurRealidades, edici\u00f3n especial\u00bb es un orgullo para\u00a0 nuestra instituci\u00f3n, una producci\u00f3n colectiva que celebramos y compartimos.<\/p>\n<p><strong>Para ver la revista completa pueden seguir el siguiente enlace:\u00a0<\/strong><a href=\"https:\/\/issuu.com\/tamaragironda\/docs\/surrealidades_ng_6_compressed\" target=\"_blank\" rel=\"noopener\">https:\/\/issuu.com\/tamaragironda\/docs\/surrealidades_ng_6_compressed<\/a><\/p>\n<p style=\"text-align: center;\"><img decoding=\"async\" loading=\"lazy\" class=\"aligncenter size-full wp-image-1667\" src=\"https:\/\/isfd3-nqn.infd.edu.ar\/sitio\/wp-content\/uploads\/2020\/10\/WhatsApp-Image-2020-10-01-at-14.01.40.jpeg\" alt=\"\" width=\"905\" height=\"1280\" srcset=\"https:\/\/isfd3-nqn.infd.edu.ar\/sitio\/wp-content\/uploads\/2020\/10\/WhatsApp-Image-2020-10-01-at-14.01.40.jpeg 905w, https:\/\/isfd3-nqn.infd.edu.ar\/sitio\/wp-content\/uploads\/2020\/10\/WhatsApp-Image-2020-10-01-at-14.01.40-707x1000.jpeg 707w, https:\/\/isfd3-nqn.infd.edu.ar\/sitio\/wp-content\/uploads\/2020\/10\/WhatsApp-Image-2020-10-01-at-14.01.40-768x1086.jpeg 768w\" sizes=\"(max-width: 905px) 100vw, 905px\" \/><\/p>\n<p>&nbsp;<\/p>\n<p>&nbsp;<\/p>\n<p style=\"text-align: center;\"><img decoding=\"async\" loading=\"lazy\" class=\"aligncenter size-full wp-image-1518\" src=\"https:\/\/isfd3-nqn.infd.edu.ar\/sitio\/wp-content\/uploads\/2020\/06\/surrealidades_compressed-1_page-0001.jpg\" alt=\"\" width=\"874\" height=\"1241\" srcset=\"https:\/\/isfd3-nqn.infd.edu.ar\/sitio\/wp-content\/uploads\/2020\/06\/surrealidades_compressed-1_page-0001.jpg 874w, https:\/\/isfd3-nqn.infd.edu.ar\/sitio\/wp-content\/uploads\/2020\/06\/surrealidades_compressed-1_page-0001-704x1000.jpg 704w, https:\/\/isfd3-nqn.infd.edu.ar\/sitio\/wp-content\/uploads\/2020\/06\/surrealidades_compressed-1_page-0001-768x1090.jpg 768w\" sizes=\"(max-width: 874px) 100vw, 874px\" \/><\/p>\n<p style=\"text-align: center;\"><img decoding=\"async\" loading=\"lazy\" class=\"aligncenter size-full wp-image-1519\" src=\"https:\/\/isfd3-nqn.infd.edu.ar\/sitio\/wp-content\/uploads\/2020\/06\/surrealidades_compressed-1_page-0002.jpg\" alt=\"\" width=\"874\" height=\"1241\" srcset=\"https:\/\/isfd3-nqn.infd.edu.ar\/sitio\/wp-content\/uploads\/2020\/06\/surrealidades_compressed-1_page-0002.jpg 874w, https:\/\/isfd3-nqn.infd.edu.ar\/sitio\/wp-content\/uploads\/2020\/06\/surrealidades_compressed-1_page-0002-704x1000.jpg 704w, https:\/\/isfd3-nqn.infd.edu.ar\/sitio\/wp-content\/uploads\/2020\/06\/surrealidades_compressed-1_page-0002-768x1090.jpg 768w\" sizes=\"(max-width: 874px) 100vw, 874px\" \/><\/p>\n<p style=\"text-align: center;\"><img decoding=\"async\" loading=\"lazy\" class=\"aligncenter size-full wp-image-1520\" src=\"https:\/\/isfd3-nqn.infd.edu.ar\/sitio\/wp-content\/uploads\/2020\/06\/surrealidades_compressed-1_page-0003.jpg\" alt=\"\" width=\"874\" height=\"1241\" srcset=\"https:\/\/isfd3-nqn.infd.edu.ar\/sitio\/wp-content\/uploads\/2020\/06\/surrealidades_compressed-1_page-0003.jpg 874w, https:\/\/isfd3-nqn.infd.edu.ar\/sitio\/wp-content\/uploads\/2020\/06\/surrealidades_compressed-1_page-0003-704x1000.jpg 704w, https:\/\/isfd3-nqn.infd.edu.ar\/sitio\/wp-content\/uploads\/2020\/06\/surrealidades_compressed-1_page-0003-768x1090.jpg 768w\" sizes=\"(max-width: 874px) 100vw, 874px\" \/><\/p>\n<p style=\"text-align: center;\"><img decoding=\"async\" loading=\"lazy\" class=\"aligncenter size-full wp-image-1521\" src=\"https:\/\/isfd3-nqn.infd.edu.ar\/sitio\/wp-content\/uploads\/2020\/06\/surrealidades_compressed-1_page-0004.jpg\" alt=\"\" width=\"874\" height=\"1241\" srcset=\"https:\/\/isfd3-nqn.infd.edu.ar\/sitio\/wp-content\/uploads\/2020\/06\/surrealidades_compressed-1_page-0004.jpg 874w, https:\/\/isfd3-nqn.infd.edu.ar\/sitio\/wp-content\/uploads\/2020\/06\/surrealidades_compressed-1_page-0004-704x1000.jpg 704w, https:\/\/isfd3-nqn.infd.edu.ar\/sitio\/wp-content\/uploads\/2020\/06\/surrealidades_compressed-1_page-0004-768x1090.jpg 768w\" sizes=\"(max-width: 874px) 100vw, 874px\" \/><\/p>\n<p style=\"text-align: center;\"><img decoding=\"async\" loading=\"lazy\" class=\"aligncenter size-full wp-image-1522\" src=\"https:\/\/isfd3-nqn.infd.edu.ar\/sitio\/wp-content\/uploads\/2020\/06\/surrealidades_compressed-1_page-0005.jpg\" alt=\"\" width=\"874\" height=\"1241\" srcset=\"https:\/\/isfd3-nqn.infd.edu.ar\/sitio\/wp-content\/uploads\/2020\/06\/surrealidades_compressed-1_page-0005.jpg 874w, https:\/\/isfd3-nqn.infd.edu.ar\/sitio\/wp-content\/uploads\/2020\/06\/surrealidades_compressed-1_page-0005-704x1000.jpg 704w, https:\/\/isfd3-nqn.infd.edu.ar\/sitio\/wp-content\/uploads\/2020\/06\/surrealidades_compressed-1_page-0005-768x1090.jpg 768w\" sizes=\"(max-width: 874px) 100vw, 874px\" \/><\/p>\n<p style=\"text-align: center;\"><img decoding=\"async\" loading=\"lazy\" class=\"aligncenter size-full wp-image-1523\" src=\"https:\/\/isfd3-nqn.infd.edu.ar\/sitio\/wp-content\/uploads\/2020\/06\/surrealidades_compressed-1_page-0006.jpg\" alt=\"\" width=\"874\" height=\"1241\" srcset=\"https:\/\/isfd3-nqn.infd.edu.ar\/sitio\/wp-content\/uploads\/2020\/06\/surrealidades_compressed-1_page-0006.jpg 874w, https:\/\/isfd3-nqn.infd.edu.ar\/sitio\/wp-content\/uploads\/2020\/06\/surrealidades_compressed-1_page-0006-704x1000.jpg 704w, https:\/\/isfd3-nqn.infd.edu.ar\/sitio\/wp-content\/uploads\/2020\/06\/surrealidades_compressed-1_page-0006-768x1090.jpg 768w\" sizes=\"(max-width: 874px) 100vw, 874px\" \/><\/p>\n<p style=\"text-align: center;\"><img decoding=\"async\" loading=\"lazy\" class=\"aligncenter size-full wp-image-1524\" src=\"https:\/\/isfd3-nqn.infd.edu.ar\/sitio\/wp-content\/uploads\/2020\/06\/surrealidades_compressed-1_page-0007.jpg\" alt=\"\" width=\"874\" height=\"1241\" srcset=\"https:\/\/isfd3-nqn.infd.edu.ar\/sitio\/wp-content\/uploads\/2020\/06\/surrealidades_compressed-1_page-0007.jpg 874w, https:\/\/isfd3-nqn.infd.edu.ar\/sitio\/wp-content\/uploads\/2020\/06\/surrealidades_compressed-1_page-0007-704x1000.jpg 704w, https:\/\/isfd3-nqn.infd.edu.ar\/sitio\/wp-content\/uploads\/2020\/06\/surrealidades_compressed-1_page-0007-768x1090.jpg 768w\" sizes=\"(max-width: 874px) 100vw, 874px\" \/><\/p>\n<p style=\"text-align: center;\"><img decoding=\"async\" loading=\"lazy\" class=\"aligncenter size-full wp-image-1525\" src=\"https:\/\/isfd3-nqn.infd.edu.ar\/sitio\/wp-content\/uploads\/2020\/06\/surrealidades_compressed-1_page-0008.jpg\" alt=\"\" width=\"874\" height=\"1241\" srcset=\"https:\/\/isfd3-nqn.infd.edu.ar\/sitio\/wp-content\/uploads\/2020\/06\/surrealidades_compressed-1_page-0008.jpg 874w, https:\/\/isfd3-nqn.infd.edu.ar\/sitio\/wp-content\/uploads\/2020\/06\/surrealidades_compressed-1_page-0008-704x1000.jpg 704w, https:\/\/isfd3-nqn.infd.edu.ar\/sitio\/wp-content\/uploads\/2020\/06\/surrealidades_compressed-1_page-0008-768x1090.jpg 768w\" sizes=\"(max-width: 874px) 100vw, 874px\" \/><\/p>\n<p style=\"text-align: center;\"><img decoding=\"async\" loading=\"lazy\" class=\"aligncenter size-full wp-image-1526\" src=\"https:\/\/isfd3-nqn.infd.edu.ar\/sitio\/wp-content\/uploads\/2020\/06\/surrealidades_compressed-1_page-0009.jpg\" alt=\"\" width=\"874\" height=\"1241\" srcset=\"https:\/\/isfd3-nqn.infd.edu.ar\/sitio\/wp-content\/uploads\/2020\/06\/surrealidades_compressed-1_page-0009.jpg 874w, https:\/\/isfd3-nqn.infd.edu.ar\/sitio\/wp-content\/uploads\/2020\/06\/surrealidades_compressed-1_page-0009-704x1000.jpg 704w, https:\/\/isfd3-nqn.infd.edu.ar\/sitio\/wp-content\/uploads\/2020\/06\/surrealidades_compressed-1_page-0009-768x1090.jpg 768w\" sizes=\"(max-width: 874px) 100vw, 874px\" \/><\/p>\n<p>&nbsp;<\/p>\n<p style=\"text-align: center;\"><img decoding=\"async\" loading=\"lazy\" class=\"aligncenter size-full wp-image-1527\" src=\"https:\/\/isfd3-nqn.infd.edu.ar\/sitio\/wp-content\/uploads\/2020\/06\/surrealidades_compressed-1_page-0010.jpg\" alt=\"\" width=\"874\" height=\"1241\" srcset=\"https:\/\/isfd3-nqn.infd.edu.ar\/sitio\/wp-content\/uploads\/2020\/06\/surrealidades_compressed-1_page-0010.jpg 874w, https:\/\/isfd3-nqn.infd.edu.ar\/sitio\/wp-content\/uploads\/2020\/06\/surrealidades_compressed-1_page-0010-704x1000.jpg 704w, https:\/\/isfd3-nqn.infd.edu.ar\/sitio\/wp-content\/uploads\/2020\/06\/surrealidades_compressed-1_page-0010-768x1090.jpg 768w\" sizes=\"(max-width: 874px) 100vw, 874px\" \/><\/p>\n<p style=\"text-align: center;\"><img decoding=\"async\" loading=\"lazy\" class=\"aligncenter size-full wp-image-1528\" src=\"https:\/\/isfd3-nqn.infd.edu.ar\/sitio\/wp-content\/uploads\/2020\/06\/surrealidades_compressed-1_page-0011.jpg\" alt=\"\" width=\"874\" height=\"1241\" srcset=\"https:\/\/isfd3-nqn.infd.edu.ar\/sitio\/wp-content\/uploads\/2020\/06\/surrealidades_compressed-1_page-0011.jpg 874w, https:\/\/isfd3-nqn.infd.edu.ar\/sitio\/wp-content\/uploads\/2020\/06\/surrealidades_compressed-1_page-0011-704x1000.jpg 704w, https:\/\/isfd3-nqn.infd.edu.ar\/sitio\/wp-content\/uploads\/2020\/06\/surrealidades_compressed-1_page-0011-768x1090.jpg 768w\" sizes=\"(max-width: 874px) 100vw, 874px\" \/><\/p>\n<p>&nbsp;<\/p>\n<p>&nbsp;<\/p>\n<p style=\"text-align: center;\"><img decoding=\"async\" loading=\"lazy\" class=\"aligncenter size-full wp-image-1529\" src=\"https:\/\/isfd3-nqn.infd.edu.ar\/sitio\/wp-content\/uploads\/2020\/06\/surrealidades_compressed-1_page-0012.jpg\" alt=\"\" width=\"874\" height=\"1241\" srcset=\"https:\/\/isfd3-nqn.infd.edu.ar\/sitio\/wp-content\/uploads\/2020\/06\/surrealidades_compressed-1_page-0012.jpg 874w, https:\/\/isfd3-nqn.infd.edu.ar\/sitio\/wp-content\/uploads\/2020\/06\/surrealidades_compressed-1_page-0012-704x1000.jpg 704w, https:\/\/isfd3-nqn.infd.edu.ar\/sitio\/wp-content\/uploads\/2020\/06\/surrealidades_compressed-1_page-0012-768x1090.jpg 768w\" sizes=\"(max-width: 874px) 100vw, 874px\" \/><\/p>\n<p>&nbsp;<\/p>\n<p>&nbsp;<\/p>\n<p>&nbsp;<\/p>\n<p>&nbsp;<\/p>\n<p>&nbsp;<\/p>\n<p>&nbsp;<\/p>\n<p>&nbsp;<\/p>\n<p>&nbsp;<\/p>\n<p>&nbsp;<\/p>\n<p><img decoding=\"async\" loading=\"lazy\" class=\"aligncenter size-full wp-image-1508\" src=\"https:\/\/isfd3-nqn.infd.edu.ar\/sitio\/wp-content\/uploads\/2020\/05\/IMG-20200512-WA0010.jpg\" alt=\"\" width=\"874\" height=\"1240\" srcset=\"https:\/\/isfd3-nqn.infd.edu.ar\/sitio\/wp-content\/uploads\/2020\/05\/IMG-20200512-WA0010.jpg 874w, https:\/\/isfd3-nqn.infd.edu.ar\/sitio\/wp-content\/uploads\/2020\/05\/IMG-20200512-WA0010-705x1000.jpg 705w, https:\/\/isfd3-nqn.infd.edu.ar\/sitio\/wp-content\/uploads\/2020\/05\/IMG-20200512-WA0010-768x1090.jpg 768w\" sizes=\"(max-width: 874px) 100vw, 874px\" \/><\/p>\n<p>&nbsp;<\/p>\n<p>&nbsp;<\/p>\n<p><img decoding=\"async\" loading=\"lazy\" class=\"aligncenter size-full wp-image-1510\" src=\"https:\/\/isfd3-nqn.infd.edu.ar\/sitio\/wp-content\/uploads\/2020\/05\/IMG-20200512-WA0012.jpg\" alt=\"\" width=\"874\" height=\"1240\" srcset=\"https:\/\/isfd3-nqn.infd.edu.ar\/sitio\/wp-content\/uploads\/2020\/05\/IMG-20200512-WA0012.jpg 874w, https:\/\/isfd3-nqn.infd.edu.ar\/sitio\/wp-content\/uploads\/2020\/05\/IMG-20200512-WA0012-705x1000.jpg 705w, https:\/\/isfd3-nqn.infd.edu.ar\/sitio\/wp-content\/uploads\/2020\/05\/IMG-20200512-WA0012-768x1090.jpg 768w\" sizes=\"(max-width: 874px) 100vw, 874px\" \/><\/p>\n<p>&nbsp;<\/p>\n<p><img decoding=\"async\" loading=\"lazy\" class=\"aligncenter size-full wp-image-1505\" src=\"https:\/\/isfd3-nqn.infd.edu.ar\/sitio\/wp-content\/uploads\/2020\/05\/IMG-20200512-WA0007.jpg\" alt=\"\" width=\"874\" height=\"1240\" srcset=\"https:\/\/isfd3-nqn.infd.edu.ar\/sitio\/wp-content\/uploads\/2020\/05\/IMG-20200512-WA0007.jpg 874w, https:\/\/isfd3-nqn.infd.edu.ar\/sitio\/wp-content\/uploads\/2020\/05\/IMG-20200512-WA0007-705x1000.jpg 705w, https:\/\/isfd3-nqn.infd.edu.ar\/sitio\/wp-content\/uploads\/2020\/05\/IMG-20200512-WA0007-768x1090.jpg 768w\" sizes=\"(max-width: 874px) 100vw, 874px\" \/><\/p>\n<p>&nbsp;<\/p>\n<p>&nbsp;<\/p>\n<p><img decoding=\"async\" loading=\"lazy\" class=\"aligncenter size-full wp-image-1504\" src=\"https:\/\/isfd3-nqn.infd.edu.ar\/sitio\/wp-content\/uploads\/2020\/05\/IMG-20200512-WA0006.jpg\" alt=\"\" width=\"874\" height=\"1240\" srcset=\"https:\/\/isfd3-nqn.infd.edu.ar\/sitio\/wp-content\/uploads\/2020\/05\/IMG-20200512-WA0006.jpg 874w, https:\/\/isfd3-nqn.infd.edu.ar\/sitio\/wp-content\/uploads\/2020\/05\/IMG-20200512-WA0006-705x1000.jpg 705w, https:\/\/isfd3-nqn.infd.edu.ar\/sitio\/wp-content\/uploads\/2020\/05\/IMG-20200512-WA0006-768x1090.jpg 768w\" sizes=\"(max-width: 874px) 100vw, 874px\" \/><\/p>\n<p><img decoding=\"async\" loading=\"lazy\" class=\"aligncenter size-full wp-image-1506\" src=\"https:\/\/isfd3-nqn.infd.edu.ar\/sitio\/wp-content\/uploads\/2020\/05\/IMG-20200512-WA0008.jpg\" alt=\"\" width=\"874\" height=\"1240\" srcset=\"https:\/\/isfd3-nqn.infd.edu.ar\/sitio\/wp-content\/uploads\/2020\/05\/IMG-20200512-WA0008.jpg 874w, https:\/\/isfd3-nqn.infd.edu.ar\/sitio\/wp-content\/uploads\/2020\/05\/IMG-20200512-WA0008-705x1000.jpg 705w, https:\/\/isfd3-nqn.infd.edu.ar\/sitio\/wp-content\/uploads\/2020\/05\/IMG-20200512-WA0008-768x1090.jpg 768w\" sizes=\"(max-width: 874px) 100vw, 874px\" \/><\/p>\n<p>&nbsp;<\/p>\n<p><img decoding=\"async\" loading=\"lazy\" class=\"aligncenter size-full wp-image-1503\" src=\"https:\/\/isfd3-nqn.infd.edu.ar\/sitio\/wp-content\/uploads\/2020\/05\/IMG-20200512-WA0005-1.jpg\" alt=\"\" width=\"874\" height=\"1240\" srcset=\"https:\/\/isfd3-nqn.infd.edu.ar\/sitio\/wp-content\/uploads\/2020\/05\/IMG-20200512-WA0005-1.jpg 874w, https:\/\/isfd3-nqn.infd.edu.ar\/sitio\/wp-content\/uploads\/2020\/05\/IMG-20200512-WA0005-1-705x1000.jpg 705w, https:\/\/isfd3-nqn.infd.edu.ar\/sitio\/wp-content\/uploads\/2020\/05\/IMG-20200512-WA0005-1-768x1090.jpg 768w\" sizes=\"(max-width: 874px) 100vw, 874px\" \/><\/p>\n<p>&nbsp;<\/p>\n<p><img decoding=\"async\" loading=\"lazy\" class=\"aligncenter size-full wp-image-1509\" src=\"https:\/\/isfd3-nqn.infd.edu.ar\/sitio\/wp-content\/uploads\/2020\/05\/IMG-20200512-WA0011.jpg\" alt=\"\" width=\"874\" height=\"1240\" srcset=\"https:\/\/isfd3-nqn.infd.edu.ar\/sitio\/wp-content\/uploads\/2020\/05\/IMG-20200512-WA0011.jpg 874w, https:\/\/isfd3-nqn.infd.edu.ar\/sitio\/wp-content\/uploads\/2020\/05\/IMG-20200512-WA0011-705x1000.jpg 705w, https:\/\/isfd3-nqn.infd.edu.ar\/sitio\/wp-content\/uploads\/2020\/05\/IMG-20200512-WA0011-768x1090.jpg 768w\" sizes=\"(max-width: 874px) 100vw, 874px\" \/><\/p>\n<p>&nbsp;<\/p>\n<p><img decoding=\"async\" loading=\"lazy\" class=\"aligncenter size-full wp-image-1507\" src=\"https:\/\/isfd3-nqn.infd.edu.ar\/sitio\/wp-content\/uploads\/2020\/05\/IMG-20200512-WA0009.jpg\" alt=\"\" width=\"874\" height=\"1240\" srcset=\"https:\/\/isfd3-nqn.infd.edu.ar\/sitio\/wp-content\/uploads\/2020\/05\/IMG-20200512-WA0009.jpg 874w, https:\/\/isfd3-nqn.infd.edu.ar\/sitio\/wp-content\/uploads\/2020\/05\/IMG-20200512-WA0009-705x1000.jpg 705w, https:\/\/isfd3-nqn.infd.edu.ar\/sitio\/wp-content\/uploads\/2020\/05\/IMG-20200512-WA0009-768x1090.jpg 768w\" sizes=\"(max-width: 874px) 100vw, 874px\" \/><\/p>\n","protected":false},"excerpt":{"rendered":"<p>&nbsp; \u00abSurRealidades, n\u00famero especial\u00bb es una obra literaria, por c\u00f3mo est\u00e1 pensada y dise\u00f1ada, por c\u00f3mo nos sumerge en un mundo otro que dialoga con este que conocemos, el de la pandemia, las sobredosis tecnol\u00f3gicas virtuales, los efectos. Juega con la hibridez gen\u00e9rica, toma como referencia un soporte que nos es familiar pero lo lleva &#8230; <a title=\"Surrealidades\" class=\"read-more\" href=\"https:\/\/isfd3-nqn.infd.edu.ar\/sitio\/surrealidades\/\" aria-label=\"More on Surrealidades\">[+]<\/a><\/p>\n","protected":false},"author":665,"featured_media":0,"parent":0,"menu_order":0,"comment_status":"closed","ping_status":"closed","template":"","meta":[],"acf":[],"_links":{"self":[{"href":"https:\/\/isfd3-nqn.infd.edu.ar\/sitio\/wp-json\/wp\/v2\/pages\/1502"}],"collection":[{"href":"https:\/\/isfd3-nqn.infd.edu.ar\/sitio\/wp-json\/wp\/v2\/pages"}],"about":[{"href":"https:\/\/isfd3-nqn.infd.edu.ar\/sitio\/wp-json\/wp\/v2\/types\/page"}],"author":[{"embeddable":true,"href":"https:\/\/isfd3-nqn.infd.edu.ar\/sitio\/wp-json\/wp\/v2\/users\/665"}],"replies":[{"embeddable":true,"href":"https:\/\/isfd3-nqn.infd.edu.ar\/sitio\/wp-json\/wp\/v2\/comments?post=1502"}],"version-history":[{"count":6,"href":"https:\/\/isfd3-nqn.infd.edu.ar\/sitio\/wp-json\/wp\/v2\/pages\/1502\/revisions"}],"predecessor-version":[{"id":1683,"href":"https:\/\/isfd3-nqn.infd.edu.ar\/sitio\/wp-json\/wp\/v2\/pages\/1502\/revisions\/1683"}],"wp:attachment":[{"href":"https:\/\/isfd3-nqn.infd.edu.ar\/sitio\/wp-json\/wp\/v2\/media?parent=1502"}],"curies":[{"name":"wp","href":"https:\/\/api.w.org\/{rel}","templated":true}]}}