{"id":1853,"date":"2023-06-24T17:27:50","date_gmt":"2023-06-24T20:27:50","guid":{"rendered":"https:\/\/isfd3-nqn.infd.edu.ar\/sitio\/?page_id=1853"},"modified":"2024-08-20T21:47:15","modified_gmt":"2024-08-21T00:47:15","slug":"consejo-academico","status":"publish","type":"page","link":"https:\/\/isfd3-nqn.infd.edu.ar\/sitio\/consejo-academico\/","title":{"rendered":"Consejo Acad\u00e9mico"},"content":{"rendered":"\n<p>Es el \u00f3rgano responsable de promover y favorecer la formaci\u00f3n acad\u00e9mica: formaci\u00f3n inicial y continua y trayectorias estudiantiles. Preside el CA lx Secretarix Acad\u00e9micx y lo integran Secretarixs de Extensi\u00f3n e Investigaci\u00f3n, Coordinadorxs de las carreras, Coordinadorxs del Campo de la Pr\u00e1ctica, Coordinadorx de Asuntos Estudiantiles y, como m\u00ednimo, dos estudiantes.<\/p>\n\n\n<div class=\"wp-block-image\">\n<figure class=\"aligncenter size-full is-resized\"><img decoding=\"async\" loading=\"lazy\" src=\"https:\/\/isfd3-nqn.infd.edu.ar\/sitio\/wp-content\/uploads\/2023\/06\/Consejo-Acade\u0301mico-min-1.png\" alt=\"\" class=\"wp-image-1857\" width=\"457\" height=\"277\" srcset=\"https:\/\/isfd3-nqn.infd.edu.ar\/sitio\/wp-content\/uploads\/2023\/06\/Consejo-Acade\u0301mico-min-1.png 930w, https:\/\/isfd3-nqn.infd.edu.ar\/sitio\/wp-content\/uploads\/2023\/06\/Consejo-Acade\u0301mico-min-1-768x466.png 768w\" sizes=\"(max-width: 457px) 100vw, 457px\" \/><\/figure><\/div>\n\n\n<p>Presidido por la Secretaria Acad\u00e9mica: Rosario Vallverd\u00fa.<\/p>\n\n\n\n<p>Secretaria de Extensi\u00f3n: Carolina L\u00f3pez.<\/p>\n\n\n\n<p>Secretario de Investigaci\u00f3n:\u00a0 Marcelo Bonyuan.<\/p>\n\n\n\n<p>Coordinador Lengua y Literatura: Adri\u00e1n Thomsen<\/p>\n\n\n\n<p>Coordinadora Biolog\u00eda,  Qu\u00edmica y F\u00edsica: Mirna Ferrada.<\/p>\n\n\n\n<p>Coordinadora Matem\u00e1tica: Julieta Ya\u00f1ez<\/p>\n\n\n\n<p>Coordinadora Educaci\u00f3n Primaria: <\/p>\n\n\n\n<p>Coordinador Semipresencial\/Modalidad Alternativa: <\/p>\n\n\n\n<p>Coordinadora Pr\u00e1cticas Lengua y Literatura: Sabrina Wajnbaum<\/p>\n\n\n\n<p>Coordinadora Pr\u00e1cticas Educaci\u00f3n Primaria:&nbsp; Alejandra Mi\u00f1o.<\/p>\n\n\n\n<p>Coordinadora Pr\u00e1cticas Biolog\u00eda, Matem\u00e1tica, F\u00edsica y Qu\u00edmica: Fedra Granata.<\/p>\n\n\n\n<p>Coordinadora de Asuntos Estudiantiles: Victoria Salinas <\/p>\n","protected":false},"excerpt":{"rendered":"<p>Es el \u00f3rgano responsable de promover y favorecer la formaci\u00f3n acad\u00e9mica: formaci\u00f3n inicial y continua y trayectorias estudiantiles. Preside el CA lx Secretarix Acad\u00e9micx y lo integran Secretarixs de Extensi\u00f3n e Investigaci\u00f3n, Coordinadorxs de las carreras, Coordinadorxs del Campo de la Pr\u00e1ctica, Coordinadorx de Asuntos Estudiantiles y, como m\u00ednimo, dos estudiantes. Presidido por la Secretaria &#8230; <a title=\"Consejo Acad\u00e9mico\" class=\"read-more\" href=\"https:\/\/isfd3-nqn.infd.edu.ar\/sitio\/consejo-academico\/\" aria-label=\"More on Consejo Acad\u00e9mico\">[+]<\/a><\/p>\n","protected":false},"author":3255,"featured_media":0,"parent":0,"menu_order":0,"comment_status":"closed","ping_status":"closed","template":"","meta":[],"acf":[],"_links":{"self":[{"href":"https:\/\/isfd3-nqn.infd.edu.ar\/sitio\/wp-json\/wp\/v2\/pages\/1853"}],"collection":[{"href":"https:\/\/isfd3-nqn.infd.edu.ar\/sitio\/wp-json\/wp\/v2\/pages"}],"about":[{"href":"https:\/\/isfd3-nqn.infd.edu.ar\/sitio\/wp-json\/wp\/v2\/types\/page"}],"author":[{"embeddable":true,"href":"https:\/\/isfd3-nqn.infd.edu.ar\/sitio\/wp-json\/wp\/v2\/users\/3255"}],"replies":[{"embeddable":true,"href":"https:\/\/isfd3-nqn.infd.edu.ar\/sitio\/wp-json\/wp\/v2\/comments?post=1853"}],"version-history":[{"count":5,"href":"https:\/\/isfd3-nqn.infd.edu.ar\/sitio\/wp-json\/wp\/v2\/pages\/1853\/revisions"}],"predecessor-version":[{"id":2786,"href":"https:\/\/isfd3-nqn.infd.edu.ar\/sitio\/wp-json\/wp\/v2\/pages\/1853\/revisions\/2786"}],"wp:attachment":[{"href":"https:\/\/isfd3-nqn.infd.edu.ar\/sitio\/wp-json\/wp\/v2\/media?parent=1853"}],"curies":[{"name":"wp","href":"https:\/\/api.w.org\/{rel}","templated":true}]}}