{"id":2014,"date":"2023-10-19T22:23:13","date_gmt":"2023-10-20T01:23:13","guid":{"rendered":"https:\/\/isfd3-nqn.infd.edu.ar\/sitio\/?page_id=2014"},"modified":"2023-11-02T11:13:27","modified_gmt":"2023-11-02T14:13:27","slug":"consejo-de-politicas-institucionales","status":"publish","type":"page","link":"https:\/\/isfd3-nqn.infd.edu.ar\/sitio\/consejo-de-politicas-institucionales\/","title":{"rendered":"Consejo de Pol\u00edticas Institucionales"},"content":{"rendered":"<div class=\"wp-block-image\">\n<figure class=\"alignleft size-full\"><img decoding=\"async\" loading=\"lazy\" width=\"481\" height=\"105\" src=\"https:\/\/isfd3-nqn.infd.edu.ar\/sitio\/wp-content\/uploads\/2023\/10\/images-1.jpg\" alt=\"\" class=\"wp-image-2017\"\/><\/figure><\/div>\n\n\n<p class=\"has-text-align-center\">Es el \u00f3rgano responsable del desarrollo del proyecto institucional y de la orientaci\u00f3n, asesoramiento y seguimiento del mismo, promoviendo la participaci\u00f3n de los claustros que lo componen a trav\u00e9s de sus representantes. Integran el CPI representantes de los cuatro claustros: Docente, TAE, Estudiantes y Graduadxs.<\/p>\n\n\n\n<div class=\"wp-block-columns alignwide is-layout-flex wp-container-7\" style=\"margin-bottom:0\">\n<div class=\"wp-block-column has-text-color has-background has-link-color wp-elements-3321f32c24cdf9753036dcbee66398cc is-layout-flow\" style=\"color:#000000;background-color:#df81367a;padding-top:2em;padding-right:2em;padding-bottom:2em;padding-left:2em\">\n<h2 class=\"wp-block-heading\" id=\"single\" style=\"font-size:40px\">Claustro Estudiantes<\/h2>\n\n\n\n<hr class=\"wp-block-separator has-alpha-channel-opacity has-cool-to-warm-spectrum-gradient-background has-background is-style-wide\"\/>\n\n\n\n<p>Titulares:&nbsp;<\/p>\n\n\n\n<ul>\n<li>Treuquil, Flavia.<\/li>\n\n\n\n<li>Mellado, Numil\u00e9n.<\/li>\n\n\n\n<li>&nbsp;Romay, Gonzalo.<\/li>\n<\/ul>\n\n\n\n<p> <\/p>\n\n\n\n<p><\/p>\n\n\n\n<div class=\"wp-block-buttons alignfull is-horizontal is-content-justification-center is-layout-flex wp-container-1\"><\/div>\n<\/div>\n\n\n\n<div class=\"wp-block-column has-light-green-cyan-to-vivid-green-cyan-gradient-background has-text-color has-background has-link-color wp-elements-9ad7b6a19209364cb44cd1f4e694e702 is-layout-flow\" style=\"color:#000000;padding-top:2em;padding-right:2em;padding-bottom:2em;padding-left:2em\">\n<h2 class=\"wp-block-heading\" id=\"family\" style=\"font-size:40px\">Claustro <strong>Docentes<\/strong><\/h2>\n\n\n\n<hr class=\"wp-block-separator has-alpha-channel-opacity has-vivid-cyan-blue-to-vivid-purple-gradient-background has-background is-style-wide\"\/>\n\n\n\n<p>Titulares:<\/p>\n\n\n\n<ul>\n<li>Grzyb, Mar\u00eda.<\/li>\n\n\n\n<li>Martinez, Gonzalo.<\/li>\n\n\n\n<li>Rojas, Eduardo.<\/li>\n<\/ul>\n\n\n\n<p>Suplentes:<\/p>\n\n\n\n<ul>\n<li>Cid, Yanina.<\/li>\n\n\n\n<li>Di Dio, Melissa.<\/li>\n\n\n\n<li>Wehinger, Gerardo.<\/li>\n<\/ul>\n\n\n\n<p>&nbsp;&nbsp;<\/p>\n\n\n\n<div class=\"wp-block-buttons alignfull is-horizontal is-content-justification-center is-layout-flex wp-container-3\"><\/div>\n<\/div>\n\n\n\n<div class=\"wp-block-column has-text-color has-background has-link-color wp-elements-8f281f64845bb251cc4f00d971ffb185 is-layout-flow\" style=\"color:#000000;background-color:#c0ebf1;padding-top:2em;padding-right:2em;padding-bottom:2em;padding-left:2em\">\n<h2 class=\"wp-block-heading\" id=\"patron\" style=\"font-size:40px\"><strong>Claustro <\/strong>Graduados<\/h2>\n\n\n\n<hr class=\"wp-block-separator has-css-opacity has-electric-grass-gradient-background has-background is-style-wide\"\/>\n\n\n\n<p>Titulares<\/p>\n\n\n\n<ul>\n<li>Benedetti, Carolina.<\/li>\n\n\n\n<li>Oyanarte, Mart\u00ecn.<\/li>\n<\/ul>\n\n\n\n<p>Suplentes:<\/p>\n\n\n\n<ul>\n<li>Gonz\u00e1lez, Florencia.<\/li>\n\n\n\n<li>Llamazarez, Fernanda.<\/li>\n<\/ul>\n\n\n\n<div class=\"wp-block-buttons alignfull is-horizontal is-content-justification-center is-layout-flex wp-container-5\"><\/div>\n<\/div>\n<\/div>\n\n\n\n<div style=\"height:43px\" aria-hidden=\"true\" class=\"wp-block-spacer\"><\/div>\n\n\n\n<div class=\"wp-block-columns alignwide is-layout-flex wp-container-14\" style=\"margin-bottom:0\">\n<div class=\"wp-block-column has-text-color has-background has-link-color wp-elements-2ebfcc6b3afe5aff322f4efe177e868c is-layout-flow\" style=\"color:#000000;background-color:#ffe97d;padding-top:2em;padding-right:2em;padding-bottom:2em;padding-left:2em\">\n<h2 class=\"wp-block-heading\" id=\"single\" style=\"font-size:40px\">Claustro TAE&nbsp;&nbsp;<\/h2>\n\n\n\n<p class=\"has-normal-font-size\" style=\"line-height:1.5\"><strong>Trabajadores\/as de Apoyo Educativo.<\/strong><\/p>\n\n\n\n<hr class=\"wp-block-separator has-text-color has-css-opacity has-background is-style-wide\" style=\"background-color:#000000;color:#000000\"\/>\n\n\n\n<p>Titular:<\/p>\n\n\n\n<ul>\n<li>Gauna, Lorena<\/li>\n\n\n\n<li>Soto, Yonathan<\/li>\n<\/ul>\n\n\n\n<div class=\"wp-block-buttons alignfull is-horizontal is-content-justification-center is-layout-flex wp-container-8\"><\/div>\n<\/div>\n\n\n\n<div class=\"wp-block-column has-text-color has-background has-link-color wp-elements-bfa4c31a7daa21a05835fd1288b0ad32 is-layout-flow\" style=\"color:#000000;background-color:#d1d1e1;padding-top:2em;padding-right:2em;padding-bottom:2em;padding-left:2em\">\n<h2 class=\"wp-block-heading\" id=\"family\" style=\"font-size:40px\">Preside<\/h2>\n\n\n\n<hr class=\"wp-block-separator has-css-opacity is-style-wide\"\/>\n\n\n\n<p>Director:<\/p>\n\n\n\n<p>Mariano Skliar.<\/p>\n\n\n\n<div class=\"wp-block-buttons alignfull is-horizontal is-content-justification-center is-layout-flex wp-container-10\"><\/div>\n<\/div>\n\n\n\n<div class=\"wp-block-column has-base-3-background-color has-text-color has-background has-link-color wp-elements-836a1ad2df5147ee02da01576409dc4e is-layout-flow\" style=\"color:#000000;padding-top:2em;padding-right:2em;padding-bottom:2em;padding-left:2em\">\n<h2 class=\"wp-block-heading\" id=\"patron\" style=\"font-size:40px\"><\/h2>\n\n\n\n<div class=\"wp-block-buttons alignfull is-horizontal is-content-justification-center is-layout-flex wp-container-12\"><\/div>\n<\/div>\n<\/div>\n","protected":false},"excerpt":{"rendered":"<p>Es el \u00f3rgano responsable del desarrollo del proyecto institucional y de la orientaci\u00f3n, asesoramiento y seguimiento del mismo, promoviendo la participaci\u00f3n de los claustros que lo componen a trav\u00e9s de sus representantes. Integran el CPI representantes de los cuatro claustros: Docente, TAE, Estudiantes y Graduadxs. Claustro Estudiantes Titulares:&nbsp; Claustro Docentes Titulares: Suplentes: &nbsp;&nbsp; Claustro Graduados &#8230; <a title=\"Consejo de Pol\u00edticas Institucionales\" class=\"read-more\" href=\"https:\/\/isfd3-nqn.infd.edu.ar\/sitio\/consejo-de-politicas-institucionales\/\" aria-label=\"More on Consejo de Pol\u00edticas Institucionales\">[+]<\/a><\/p>\n","protected":false},"author":3255,"featured_media":0,"parent":0,"menu_order":0,"comment_status":"closed","ping_status":"closed","template":"","meta":[],"acf":[],"_links":{"self":[{"href":"https:\/\/isfd3-nqn.infd.edu.ar\/sitio\/wp-json\/wp\/v2\/pages\/2014"}],"collection":[{"href":"https:\/\/isfd3-nqn.infd.edu.ar\/sitio\/wp-json\/wp\/v2\/pages"}],"about":[{"href":"https:\/\/isfd3-nqn.infd.edu.ar\/sitio\/wp-json\/wp\/v2\/types\/page"}],"author":[{"embeddable":true,"href":"https:\/\/isfd3-nqn.infd.edu.ar\/sitio\/wp-json\/wp\/v2\/users\/3255"}],"replies":[{"embeddable":true,"href":"https:\/\/isfd3-nqn.infd.edu.ar\/sitio\/wp-json\/wp\/v2\/comments?post=2014"}],"version-history":[{"count":7,"href":"https:\/\/isfd3-nqn.infd.edu.ar\/sitio\/wp-json\/wp\/v2\/pages\/2014\/revisions"}],"predecessor-version":[{"id":2199,"href":"https:\/\/isfd3-nqn.infd.edu.ar\/sitio\/wp-json\/wp\/v2\/pages\/2014\/revisions\/2199"}],"wp:attachment":[{"href":"https:\/\/isfd3-nqn.infd.edu.ar\/sitio\/wp-json\/wp\/v2\/media?parent=2014"}],"curies":[{"name":"wp","href":"https:\/\/api.w.org\/{rel}","templated":true}]}}