{"id":2239,"date":"2023-11-02T20:48:42","date_gmt":"2023-11-02T23:48:42","guid":{"rendered":"https:\/\/isfd3-nqn.infd.edu.ar\/sitio\/?page_id=2239"},"modified":"2024-03-13T15:47:00","modified_gmt":"2024-03-13T18:47:00","slug":"plan-de-estudios-8","status":"publish","type":"page","link":"https:\/\/isfd3-nqn.infd.edu.ar\/sitio\/plan-de-estudios-8\/","title":{"rendered":"Plan de estudios"},"content":{"rendered":"\n<p>Profesorado de Educaci\u00f3n Secundaria en F\u00edsica<\/p>\n\n\n\n<p class=\"has-text-align-center has-base-3-color has-contrast-2-background-color has-text-color has-background\"><strong>PLAN DE ESTUDIO NO 548<\/strong><\/p>\n\n\n\n<p class=\"has-text-align-center has-contrast-3-background-color has-background\"><strong>PROFESORADO DE EDUCACI\u00d3N SECUNDARIA EN F\u00cdSICA<\/strong><\/p>\n\n\n\n<p><strong>Denominaci\u00f3n de la Carrera: <\/strong>\u00abProfesorado de Educaci\u00f3n Secundaria en F\u00edsica\u00bb<br><strong>Actividad:<\/strong>  Docente<br><strong>Nivel<\/strong>: Superior<br><strong>Modalidad:<\/strong> Presencial<br><strong>Ciclo:<\/strong> Profesorado<br><strong>Especialidad: <\/strong>Profesorado de Educaci\u00f3n Secundaria en F\u00edsica<br><strong>Duraci\u00f3n:<\/strong> Cuatro a\u00f1os<br><strong>Titulo a otorgar:<\/strong> Profesor\/a de Educaci\u00f3n Secundaria en F\u00edsica<br><strong>Carga horaria total:<\/strong> horas c\u00e1tedra: 4128 horas reloj: 2753.<\/p>\n\n\n\n<figure class=\"wp-block-image size-large\"><img decoding=\"async\" loading=\"lazy\" width=\"1468\" height=\"1900\" src=\"https:\/\/isfd3-nqn.infd.edu.ar\/sitio\/wp-content\/uploads\/2024\/03\/sodapdf-converted_Page_1-3-1468x1900.jpeg\" alt=\"\" class=\"wp-image-2525\" srcset=\"https:\/\/isfd3-nqn.infd.edu.ar\/sitio\/wp-content\/uploads\/2024\/03\/sodapdf-converted_Page_1-3-1468x1900.jpeg 1468w, https:\/\/isfd3-nqn.infd.edu.ar\/sitio\/wp-content\/uploads\/2024\/03\/sodapdf-converted_Page_1-3-773x1000.jpeg 773w, https:\/\/isfd3-nqn.infd.edu.ar\/sitio\/wp-content\/uploads\/2024\/03\/sodapdf-converted_Page_1-3-768x994.jpeg 768w, https:\/\/isfd3-nqn.infd.edu.ar\/sitio\/wp-content\/uploads\/2024\/03\/sodapdf-converted_Page_1-3-1187x1536.jpeg 1187w, https:\/\/isfd3-nqn.infd.edu.ar\/sitio\/wp-content\/uploads\/2024\/03\/sodapdf-converted_Page_1-3-1583x2048.jpeg 1583w, https:\/\/isfd3-nqn.infd.edu.ar\/sitio\/wp-content\/uploads\/2024\/03\/sodapdf-converted_Page_1-3.jpeg 1700w\" sizes=\"(max-width: 1468px) 100vw, 1468px\" \/><\/figure>\n\n\n\n<figure class=\"wp-block-image size-large\"><img decoding=\"async\" loading=\"lazy\" width=\"1468\" height=\"1900\" src=\"https:\/\/isfd3-nqn.infd.edu.ar\/sitio\/wp-content\/uploads\/2024\/03\/sodapdf-converted_Page_2-3-1468x1900.jpeg\" alt=\"\" class=\"wp-image-2526\" srcset=\"https:\/\/isfd3-nqn.infd.edu.ar\/sitio\/wp-content\/uploads\/2024\/03\/sodapdf-converted_Page_2-3-1468x1900.jpeg 1468w, https:\/\/isfd3-nqn.infd.edu.ar\/sitio\/wp-content\/uploads\/2024\/03\/sodapdf-converted_Page_2-3-773x1000.jpeg 773w, https:\/\/isfd3-nqn.infd.edu.ar\/sitio\/wp-content\/uploads\/2024\/03\/sodapdf-converted_Page_2-3-768x994.jpeg 768w, https:\/\/isfd3-nqn.infd.edu.ar\/sitio\/wp-content\/uploads\/2024\/03\/sodapdf-converted_Page_2-3-1187x1536.jpeg 1187w, https:\/\/isfd3-nqn.infd.edu.ar\/sitio\/wp-content\/uploads\/2024\/03\/sodapdf-converted_Page_2-3-1583x2048.jpeg 1583w, https:\/\/isfd3-nqn.infd.edu.ar\/sitio\/wp-content\/uploads\/2024\/03\/sodapdf-converted_Page_2-3.jpeg 1700w\" sizes=\"(max-width: 1468px) 100vw, 1468px\" \/><\/figure>\n\n\n\n<figure class=\"wp-block-image size-large\"><img decoding=\"async\" loading=\"lazy\" width=\"1468\" height=\"1900\" src=\"https:\/\/isfd3-nqn.infd.edu.ar\/sitio\/wp-content\/uploads\/2024\/03\/sodapdf-converted_Page_3-5-1468x1900.jpeg\" alt=\"\" class=\"wp-image-2529\" srcset=\"https:\/\/isfd3-nqn.infd.edu.ar\/sitio\/wp-content\/uploads\/2024\/03\/sodapdf-converted_Page_3-5-1468x1900.jpeg 1468w, https:\/\/isfd3-nqn.infd.edu.ar\/sitio\/wp-content\/uploads\/2024\/03\/sodapdf-converted_Page_3-5-773x1000.jpeg 773w, https:\/\/isfd3-nqn.infd.edu.ar\/sitio\/wp-content\/uploads\/2024\/03\/sodapdf-converted_Page_3-5-768x994.jpeg 768w, https:\/\/isfd3-nqn.infd.edu.ar\/sitio\/wp-content\/uploads\/2024\/03\/sodapdf-converted_Page_3-5-1187x1536.jpeg 1187w, https:\/\/isfd3-nqn.infd.edu.ar\/sitio\/wp-content\/uploads\/2024\/03\/sodapdf-converted_Page_3-5-1583x2048.jpeg 1583w, https:\/\/isfd3-nqn.infd.edu.ar\/sitio\/wp-content\/uploads\/2024\/03\/sodapdf-converted_Page_3-5.jpeg 1700w\" sizes=\"(max-width: 1468px) 100vw, 1468px\" \/><\/figure>\n\n\n\n<figure class=\"wp-block-image size-large\"><img decoding=\"async\" loading=\"lazy\" width=\"1468\" height=\"1900\" src=\"https:\/\/isfd3-nqn.infd.edu.ar\/sitio\/wp-content\/uploads\/2024\/03\/sodapdf-converted_Page_4-3-1468x1900.jpeg\" alt=\"\" class=\"wp-image-2527\" srcset=\"https:\/\/isfd3-nqn.infd.edu.ar\/sitio\/wp-content\/uploads\/2024\/03\/sodapdf-converted_Page_4-3-1468x1900.jpeg 1468w, https:\/\/isfd3-nqn.infd.edu.ar\/sitio\/wp-content\/uploads\/2024\/03\/sodapdf-converted_Page_4-3-773x1000.jpeg 773w, https:\/\/isfd3-nqn.infd.edu.ar\/sitio\/wp-content\/uploads\/2024\/03\/sodapdf-converted_Page_4-3-768x994.jpeg 768w, https:\/\/isfd3-nqn.infd.edu.ar\/sitio\/wp-content\/uploads\/2024\/03\/sodapdf-converted_Page_4-3-1187x1536.jpeg 1187w, https:\/\/isfd3-nqn.infd.edu.ar\/sitio\/wp-content\/uploads\/2024\/03\/sodapdf-converted_Page_4-3-1583x2048.jpeg 1583w, https:\/\/isfd3-nqn.infd.edu.ar\/sitio\/wp-content\/uploads\/2024\/03\/sodapdf-converted_Page_4-3.jpeg 1700w\" sizes=\"(max-width: 1468px) 100vw, 1468px\" \/><\/figure>\n\n\n<div class=\"wp-block-image\">\n<figure class=\"aligncenter size-full is-resized\"><a href=\"https:\/\/drive.google.com\/file\/d\/1DMRPngqEUTGxtmCHV0VpsH72hnt6LHkz\/view?usp=sharing\"><img decoding=\"async\" loading=\"lazy\" src=\"https:\/\/isfd3-nqn.infd.edu.ar\/sitio\/wp-content\/uploads\/2023\/11\/OIP-1.jpg\" alt=\"\" class=\"wp-image-2347\" width=\"-106\" height=\"-65\"\/><\/a><\/figure><\/div>","protected":false},"excerpt":{"rendered":"<p>Profesorado de Educaci\u00f3n Secundaria en F\u00edsica PLAN DE ESTUDIO NO 548 PROFESORADO DE EDUCACI\u00d3N SECUNDARIA EN F\u00cdSICA Denominaci\u00f3n de la Carrera: \u00abProfesorado de Educaci\u00f3n Secundaria en F\u00edsica\u00bbActividad: DocenteNivel: SuperiorModalidad: PresencialCiclo: ProfesoradoEspecialidad: Profesorado de Educaci\u00f3n Secundaria en F\u00edsicaDuraci\u00f3n: Cuatro a\u00f1osTitulo a otorgar: Profesor\/a de Educaci\u00f3n Secundaria en F\u00edsicaCarga horaria total: horas c\u00e1tedra: 4128 horas reloj: 2753.<\/p>\n","protected":false},"author":3255,"featured_media":0,"parent":0,"menu_order":0,"comment_status":"closed","ping_status":"closed","template":"","meta":[],"acf":[],"_links":{"self":[{"href":"https:\/\/isfd3-nqn.infd.edu.ar\/sitio\/wp-json\/wp\/v2\/pages\/2239"}],"collection":[{"href":"https:\/\/isfd3-nqn.infd.edu.ar\/sitio\/wp-json\/wp\/v2\/pages"}],"about":[{"href":"https:\/\/isfd3-nqn.infd.edu.ar\/sitio\/wp-json\/wp\/v2\/types\/page"}],"author":[{"embeddable":true,"href":"https:\/\/isfd3-nqn.infd.edu.ar\/sitio\/wp-json\/wp\/v2\/users\/3255"}],"replies":[{"embeddable":true,"href":"https:\/\/isfd3-nqn.infd.edu.ar\/sitio\/wp-json\/wp\/v2\/comments?post=2239"}],"version-history":[{"count":3,"href":"https:\/\/isfd3-nqn.infd.edu.ar\/sitio\/wp-json\/wp\/v2\/pages\/2239\/revisions"}],"predecessor-version":[{"id":2530,"href":"https:\/\/isfd3-nqn.infd.edu.ar\/sitio\/wp-json\/wp\/v2\/pages\/2239\/revisions\/2530"}],"wp:attachment":[{"href":"https:\/\/isfd3-nqn.infd.edu.ar\/sitio\/wp-json\/wp\/v2\/media?parent=2239"}],"curies":[{"name":"wp","href":"https:\/\/api.w.org\/{rel}","templated":true}]}}